(3). Give x(f).
6
Let c(n) = -10*n - 6. Let s(q) = -q. Let r(l) = -c(l) + 8*s(l). Determine r(-6).
-6
Let r be -17 + (6/(-3) - -5). Let z = -15 - r. Let y(b) = -7*b - 1. Calculate y(z).
6
Let x = 6 + -2. Suppose -3*y + 2*y = -x. Let a(c) = 2*c - 4. Calculate a(y).
4
Let d(b) = 2 - 3*b + 0 - b. Suppose -4*m + 3 = -m. Suppose 4*i = -t + 5, -m = -3*i + i - t. What is d(i)?
-6
Let o(a) = -a**2 - a + 1. Suppose 0 = 4*r - 2 - 6. Let k(u) = -u + u + u + 0 - r. Let t be k(4). Give o(t).
-5
Suppose 8 = -236*o + 240*o. Let l(t) = 3*t. What is l(o)?
6
Let x = 8/11 + 17/22. Let o(q) be the first derivative of -3 + 0*q - x*q**2. Calculate o(2).
-6
Let i(m) = 4*m + 2. Let z(r) = -2*r. Let t(u) = 2*i(u) + 5*z(u). What is t(8)?
-12
Let w(r) = 0 - 6 + 2 + 13*r. Let t(b) = 2 + 9*b - 5 + 0. Let p(i) = 7*t(i) - 5*w(i). What is p(2)?
-5
Let g be (2/(-6) + 1)*3. Let b(w) = w - g*w**3 + w**2 - 2*w**3 + 0*w**3. Calculate b(-1).
4
Let l(m) = 3*m**2. Suppose -3*c - 4 + 1 = -3*f, -c = 3*f + 13. Let k be c/(-18) + (-25)/(-9). Let g be ((-1)/(-3))/((-1)/k). Give l(g).
3
Let q(v) be the third derivative of v**4/24 - v**3/2 - 18*v**2. Let m = 0 + 4. Let k = -7 + m. What is q(k)?
-6
Let j(i) = 0*i + 2*i - 4*i + 5*i**2 - i**3 + 4. Let x be 1 - ((-3)/1 + 2). Let k be (-5)/(2 - 1 - x). Give j(k).
-6
Let l(r) = 3*r**2 + 2*r - 1. Suppose 4*f = 1 - 9. What is l(f)?
7
Let n(i) be the second derivative of -5*i**3/2 + 2*i**2 + 20*i. Let o(w) = 10*w - 3. Let k(v) = -v - 2. Let c be k(5). Let a(t) = c*o(t) - 5*n(t). Give a(-2).
-9
Let x(b) = b**2 + 3*b - 4. Let c = 5 + -1. Let o = c + -38. Let d be (-3)/(-12) - o/(-8). Determine x(d).
0
Let b(v) = v**3 - v**2 + v + 2. Let s = -1 - -1. Let n be b(s). Let u(i) be the third derivative of -i**4/12 - i**3/3 + i**2. Give u(n).
-6
Let p(a) = -3*a + 5. Let m(j) = -39*j + 66. Let b(f) = 2*m(f) - 27*p(f). What is b(3)?
6
Let h(w) = 7*w**3 + 3*w**2 - w - 9. Let z(c) = 5*c**3 + 2*c**2 - c - 8. Let l(b) = -2*h(b) + 3*z(b). What is l(0)?
-6
Let q(d) = -4*d + 3. Let s(j) = -9*j + 7. Let b(x) = 7*q(x) - 3*s(x). Let k be b(0). Let h(z) = k + z + 1 - 4. What is h(2)?
-1
Let s be 0 - 1/((-2)/8). Let d(x) = -2 + 3 - 4 + 0 + 2*x. Give d(s).
5
Let x(k) = -k**2 - 2*k - 3. Suppose 0*c + 25 = 4*c - 5*i, 4*c = 2*i + 22. Suppose -3 = -h + c. Suppose -h = 5*g - g. Give x(g).
-3
Let m(x) = 2*x - 4. Let r be m(4). Let a be (-2 - -4)*6/r. Let k(s) = -10 + s**a + 2*s**2 - 2*s**2. What is k(0)?
-10
Suppose 9 = -3*p + f - 4*f, 5 = -f. Let w(s) = 1 + s**p - 3*s**2 + 2*s**2 - s**2. Let j = -3 - -5. Determine w(j).
-3
Suppose -d + 3*d = 3*p - 17, d + 2*p = 9. Let u(s) = 3*s**2 - s. Let i be u(d). Let l(k) = k**2 - 4*k - 2. What is l(i)?
-2
Let p(x) = -4*x - 1. Let a(f) = f**3 - 11*f**2 - 13*f + 10. Let n be a(12). Give p(n).
7
Let w(j) be the second derivative of j**4/12 - 7*j**3/6 - 7*j**2/2 - 4*j. Let t be -1 + 7 - 4/(-4). What is w(t)?
-7
Let j be (-13 - -8)*(-2 + 1). Let a(u) = -u**3 + 4*u**2 + 7*u - 7. Give a(j).
3
Let o(w) = -2*w + 4. Let q be o(5). Let t be (-38)/6 - 2/q. Let j(k) = -k**3 - 7*k**2 - 7*k - 7. Calculate j(t).
-1
Let t(o) = 10*o**2 - 25*o + 3. Let h(w) = 3*w**2 - 8*w + 1. Let j(f) = 7*h(f) - 2*t(f). Calculate j(5).
-4
Let g(t) = -4*t - 16. Let p be g(-6). Suppose 28 = 5*l + p. Let k(z) = -z**2 + 5*z. What is k(l)?
4
Let g(c) = 10*c - 20*c + 6*c - c**3 + 6*c**2 - 3. Give g(5).
2
Let a(n) = -6*n - 1 + 7*n - 7*n. What is a(3)?
-19
Let n(w) be the second derivative of 7*w**5/20 + w**4/12 - w**2/2 + 2*w. Suppose 10*x + 5 = -5. Give n(x).
-7
Let y(n) = n**2 + 5*n - 1. Let u(i) = -i**2 + i. Let k(o) = -2*u(o) - y(o). Give k(5).
-9
Let m(v) be the third derivative of v**7/840 - v**6/360 - v**5/24 + v**4/12 + v**3/6 + 2*v**2. Let r(o) be the first derivative of m(o). Calculate r(3).
5
Suppose -2*g - g - 12 = c, -2*g = 4*c - 2. Let m(h) = -h - 8. Let z(w) = -w - 8. Let t(r) = 6*m(r) - 5*z(r). Calculate t(g).
-3
Let q(y) = -2*y - 1. Let m be q(-1). Let b(z) = -2*z**2 - z + 5*z**2 - m - 2*z**2. Suppose -2*s + 2 = -2. Calculate b(s).
1
Let p = 4 + -2. Let v(g) = -3*g**2 + 3*g + 3*g**2 - p - g**2 + 4*g. Let u(x) = x**3 - 6*x**2 + 5. Let m be u(6). Calculate v(m).
8
Let i(z) = -3*z + 5. Let c(g) = -6*g + 9. Let v(p) = -6*c(p) + 11*i(p). Give v(4).
13
Suppose -f + 1 = -4. Suppose -f*y + 8 = 2*q - 2, 4*q = 4*y + 20. Let k(v) be the second derivative of -v**5/20 + 5*v**4/12 - 2*v**2 + v. Determine k(q).
-4
Let n(q) = -6*q**2 + 10*q + 1. Let x(k) be the second derivative of 5*k**4/12 - 3*k**3/2 - k. Suppose -6 - 2 = 2*v. Let l(o) = v*n(o) - 5*x(o). Calculate l(4).
0
Let k(m) = m + 1. Suppose -4*w - 20 + 0 = 0. Determine k(w).
-4
Let d(p) = -p**3 - 7*p**2 - p - 5. Let c be d(-7). Let l(i) = 1 - i - 2 + 2*i**2 + 0. Let k be l(c). Let g(x) = -x. Calculate g(k).
-5
Suppose 2*i + 3*i + 20 = 0. Let h(c) = -c - 9. What is h(i)?
-5
Let i(g) be the third derivative of -g**4/24 + g**3/2 + 2*g**2. Suppose 2*k - 4 = k. What is i(k)?
-1
Let p(k) = k**2 + k + 1. Let u(l) = -3*l**2 - 10*l - 2*l**2 + 4*l**2 + 1 - 2. Let h be u(-10). Calculate p(h).
1
Let m(v) be the first derivative of v**2/2 - 2*v - 59. Let o = 9 - 13. What is m(o)?
-6
Suppose 0 = 3*i - 2*d - 17, 4*i - 22 = 2*d + d. Let j(v) = v**2 - 5*v + 6. Determine j(i).
20
Let v(t) = -1. Let l(d) = -d + d + d - 10. Let c(a) = l(a) - 6*v(a). Give c(5).
1
Let g be (-15)/(-10)*6/(-3). Let d(z) = 2*z**2 + 11*z + 10. Let v(x) = -4*x**2 - 21*x - 19. Let b(m) = -11*d(m) - 6*v(m). Determine b(g).
7
Let l(a) = -a**3 - 4*a**2 - a - 3. Let f be -17 - -16 - (-2 - -4). Calculate l(f).
-9
Suppose -14*x - 57 = -197. Let z(h) = h - 1. Calculate z(x).
9
Let g(v) = -v - 1. Let b(n) = 3*n + 7. Let i(f) = b(f) + 6*g(f). Let q(d) = -d**2 - 5*d - 2. Suppose -5*k = 21 - 1. Let z be q(k). What is i(z)?
-5
Let p(q) be the third derivative of -q**5/60 - q**4/6 + 7*q**3/6 + 16*q**2. Let r be 1*6*(2 + -3). What is p(r)?
-5
Suppose 0 = 13*d - 3*d + 40. Let u(x) = 2*x**2 + 6*x + 6. What is u(d)?
14
Let q(d) = -d**3 + d**2 + 3*d + 1. Let a(z) = 2*z - 8. Let c be a(7). Suppose -20 = 4*u + 12. Let h = c + u. Calculate q(h).
7
Let t be (-1 - 0)/((-5)/3 + 2). Let i(b) = b**2 + 3*b - 3. Give i(t).
-3
Let l(n) be the first derivative of 1/2*n**2 + 7*n - 4. Determine l(0).
7
Let w(o) = o**2 - 3*o + 8. Let p(z) = -2*z**2 + 5*z - 17. Let n(s) = -4*p(s) - 9*w(s). What is n(6)?
2
Let q(r) be the first derivative of -1/2*r**4 + 1/20*r**5 - 4 + 5/6*r**3 - 2*r - 3/2*r**2. Let n(c) be the first derivative of q(c). What is n(5)?
-3
Let o = -63 + 71. Let v(z) = -2*z + 12. Determine v(o).
-4
Suppose 2 = p - w, 5*w + 1 = 6. Let c(v) = v**2 - 3*v + 2. What is c(p)?
2
Let v(m) be the third derivative of -m**4/3 - m**3/3 + 21*m**2. Determine v(2).
-18
Let i(t) = -14 + 40 - 18 - t. Give i(6).
2
Let k be (1 - -1)/(13/(-39)). Let i(c) = c**2 + 8*c + 3. What is i(k)?
-9
Suppose 2*h - 2 = 0, 5*v + 0*h + 2*h + 8 = 0. Let j be (-16)/(-20)*(-5)/v. Let z(r) = 6 + j*r - 3 - r. Calculate z(-5).
-2
Let v(x) = -x**2 + 5*x - 6. Let z be 28/21 + (-37)/3. Let m(w) = w**2 + w - 1. Let l(f) = -f**2 + 10*f + 9. Let c(k) = -l(k) - 2*m(k). Let d be c(z). Give v(d).
-2
Let j(q) = q**3 - 3*q**2 - 4*q - 1. Let p be j(4). Let r(o) = 3*o**2 + 2 + 4*o**2 - 1. What is r(p)?
8
Let m(j) = 3*j - 5. Let b be m(4). Let s(q) = -9*q**2 - 3*q - q**3 - b + 3*q**2 - 3*q. Determine s(-5).
-2
Suppose -3*l - 3*m + 26 = -4*l, 16 = -l - 2*m. Let a be ((-5)/l)/((-2)/(-8)). Let c(j) = 2*j + 1. Let i be c(a). Let w(x) = 3*x - 1. What is w(i)?
8
Let b = 11 + -11. Let m(d) = -d**2 + d + 2. Let h be m(b). Let s(l) be the first derivative of l**4/4 - 2*l**3/3 + l**2/2 - 2*l - 3. What is s(h)?
0
Let v(f) = -3*f + 5. Let i(c) = -8*c + 14. Let n(s) = 4*i(s) - 11*v(s). Let m(k) = -k**2 + 7*k - 8. Let r be m(6). Let o = r + 0. Calculate n(o).
-1
Let u = -41 + 38. Let y(q) = -q - 3. Give y(u).
0
Suppose -j + 11 = 6. Let y(g) = -g**2 + 5*g**2 - 2*g**3 - 3 - j*g**2 - 3*g. Determine y(-2).
15
Let c = -15 - -11. Let z(b) be the first derivative of -b**3/3 - 3*b**2 - 2*b - 1. Give z(c).
6
Let u(k) = -2*k**3 + 4*k**2 - 4. Let l(m) = -2*m - 41. Let d be l(-22). What is u(d)?
-22
Let o(a) = -a - 1. Suppose -10 + 2 = -4*z. Let k be ((-5)/(-2))/(z/(-4)). Give o(k).
4
Let c = 11 + -14. Let g(h) = h. Determine g(c).
-3
Let x(m) be the first de